{"id":30,"date":"2021-08-12T20:09:36","date_gmt":"2021-08-12T18:09:36","guid":{"rendered":"https:\/\/vilalampasik.sk\/?page_id=30"},"modified":"2022-10-13T11:10:17","modified_gmt":"2022-10-13T09:10:17","slug":"izby","status":"publish","type":"page","link":"https:\/\/vilalampasik.sk\/?page_id=30","title":{"rendered":"Ubytovanie"},"content":{"rendered":"<p><\/p>\n<p style=\"text-align: left;\"><strong>Vila Lamp\u00e1\u0161ik disponuje 6 izbami s man\u017eelskou poste\u013eou, jednou so st\u00e1lou tre\u0165ou poste\u013eou navy\u0161e a\u00a0jedn\u00fdm apartm\u00e1nom, kde je mo\u017enos\u0165 rozlo\u017eenia pohodln\u00e9ho gau\u010da. Ka\u017ed\u00e1 izba je vybaven\u00e1 kr\u00e1snou k\u00fape\u013e\u0148ou.<\/strong><\/p>\n<hr \/>\n<p style=\"text-align: left;\">Vo v\u0161etk\u00fdch izb\u00e1ch sa nach\u00e1dza man\u017eelsk\u00e1 poste\u013e a ka\u017ed\u00e1 izba je vybaven\u00e1 telev\u00edzorom, k\u00fape\u013e\u0148ou s toaletou a sprchovac\u00edm k\u00fatom.\u00a0V objekte sa nach\u00e1dza tie\u017e samostatn\u00e1 toaleta pri vchode na chodbe a taktie\u017e k\u00fape\u013e\u0148a vo wellness centre.<\/p>\n<p><\/p>\t\t\n\t\t\t\t\t\t\t\t<a data-elementor-open-lightbox=\"yes\" data-elementor-lightbox-slideshow=\"582025c\" data-elementor-lightbox-title=\"15\" href=\"http:\/\/vilalampasik.sk\/wp-content\/uploads\/2022\/01\/15-scaled.jpg\"><figure><img decoding=\"async\" src=\"http:\/\/vilalampasik.sk\/wp-content\/uploads\/2022\/01\/15-768x512.jpg\" alt=\"15\" \/><\/figure><\/a><a data-elementor-open-lightbox=\"yes\" data-elementor-lightbox-slideshow=\"582025c\" data-elementor-lightbox-title=\"16\" href=\"http:\/\/vilalampasik.sk\/wp-content\/uploads\/2022\/01\/16-scaled.jpg\"><figure><img decoding=\"async\" src=\"http:\/\/vilalampasik.sk\/wp-content\/uploads\/2022\/01\/16-768x512.jpg\" alt=\"16\" \/><\/figure><\/a><a data-elementor-open-lightbox=\"yes\" data-elementor-lightbox-slideshow=\"582025c\" data-elementor-lightbox-title=\"18\" href=\"http:\/\/vilalampasik.sk\/wp-content\/uploads\/2022\/01\/18-scaled.jpg\"><figure><img decoding=\"async\" src=\"http:\/\/vilalampasik.sk\/wp-content\/uploads\/2022\/01\/18-768x512.jpg\" alt=\"18\" \/><\/figure><\/a><a data-elementor-open-lightbox=\"yes\" data-elementor-lightbox-slideshow=\"582025c\" data-elementor-lightbox-title=\"19\" href=\"http:\/\/vilalampasik.sk\/wp-content\/uploads\/2022\/01\/19-scaled.jpg\"><figure><img decoding=\"async\" src=\"http:\/\/vilalampasik.sk\/wp-content\/uploads\/2022\/01\/19-768x512.jpg\" alt=\"19\" \/><\/figure><\/a><a data-elementor-open-lightbox=\"yes\" data-elementor-lightbox-slideshow=\"582025c\" data-elementor-lightbox-title=\"14\" href=\"http:\/\/vilalampasik.sk\/wp-content\/uploads\/2022\/01\/14-scaled.jpg\"><figure><img decoding=\"async\" src=\"http:\/\/vilalampasik.sk\/wp-content\/uploads\/2022\/01\/14-768x512.jpg\" alt=\"14\" \/><\/figure><\/a><a data-elementor-open-lightbox=\"yes\" data-elementor-lightbox-slideshow=\"582025c\" data-elementor-lightbox-title=\"21\" href=\"http:\/\/vilalampasik.sk\/wp-content\/uploads\/2022\/01\/21-scaled.jpg\"><figure><img decoding=\"async\" src=\"http:\/\/vilalampasik.sk\/wp-content\/uploads\/2022\/01\/21-768x512.jpg\" alt=\"21\" \/><\/figure><\/a><a data-elementor-open-lightbox=\"yes\" data-elementor-lightbox-slideshow=\"582025c\" data-elementor-lightbox-title=\"17\" href=\"http:\/\/vilalampasik.sk\/wp-content\/uploads\/2022\/01\/17-scaled.jpg\"><figure><img decoding=\"async\" src=\"http:\/\/vilalampasik.sk\/wp-content\/uploads\/2022\/01\/17-768x512.jpg\" alt=\"17\" \/><\/figure><\/a><a data-elementor-open-lightbox=\"yes\" data-elementor-lightbox-slideshow=\"582025c\" data-elementor-lightbox-title=\"4\" href=\"http:\/\/vilalampasik.sk\/wp-content\/uploads\/2022\/10\/4-scaled.jpg\"><figure><img decoding=\"async\" src=\"http:\/\/vilalampasik.sk\/wp-content\/uploads\/2022\/10\/4-768x512.jpg\" alt=\"4\" \/><\/figure><\/a><a data-elementor-open-lightbox=\"yes\" data-elementor-lightbox-slideshow=\"582025c\" data-elementor-lightbox-title=\"20\" href=\"http:\/\/vilalampasik.sk\/wp-content\/uploads\/2022\/10\/20-scaled.jpg\"><figure><img decoding=\"async\" src=\"http:\/\/vilalampasik.sk\/wp-content\/uploads\/2022\/10\/20-768x512.jpg\" alt=\"20\" \/><\/figure><\/a><a data-elementor-open-lightbox=\"yes\" data-elementor-lightbox-slideshow=\"582025c\" data-elementor-lightbox-title=\"7\" href=\"http:\/\/vilalampasik.sk\/wp-content\/uploads\/2022\/10\/7-scaled.jpg\"><figure><img decoding=\"async\" src=\"http:\/\/vilalampasik.sk\/wp-content\/uploads\/2022\/10\/7-768x512.jpg\" alt=\"7\" \/><\/figure><\/a><a data-elementor-open-lightbox=\"yes\" data-elementor-lightbox-slideshow=\"582025c\" data-elementor-lightbox-title=\"3\" href=\"http:\/\/vilalampasik.sk\/wp-content\/uploads\/2022\/10\/3-scaled.jpg\"><figure><img decoding=\"async\" src=\"http:\/\/vilalampasik.sk\/wp-content\/uploads\/2022\/10\/3-768x512.jpg\" alt=\"3\" \/><\/figure><\/a>\t\t\t\n\t\t\t\t\t\tPredo\u0161l\u00e9\n\t\t\t\t\t\t\u010eal\u0161ie","protected":false},"excerpt":{"rendered":"<p>Vila Lamp\u00e1\u0161ik disponuje 6 izbami s man\u017eelskou poste\u013eou, jednou so st\u00e1lou tre\u0165ou poste\u013eou navy\u0161e a\u00a0jedn\u00fdm apartm\u00e1nom, kde je mo\u017enos\u0165 rozlo\u017eenia pohodln\u00e9ho gau\u010da. Ka\u017ed\u00e1 izba je vybaven\u00e1 kr\u00e1snou k\u00fape\u013e\u0148ou. Vo v\u0161etk\u00fdch izb\u00e1ch sa nach\u00e1dza man\u017eelsk\u00e1 poste\u013e a ka\u017ed\u00e1 izba je vybaven\u00e1 telev\u00edzorom, k\u00fape\u013e\u0148ou s toaletou a sprchovac\u00edm k\u00fatom.\u00a0V objekte sa nach\u00e1dza tie\u017e samostatn\u00e1 toaleta pri vchode &hellip; <\/p>\n<p class=\"link-more\"><a href=\"https:\/\/vilalampasik.sk\/?page_id=30\" class=\"more-link\">Continue reading<span class=\"screen-reader-text\"> &#8222;Ubytovanie&#8220;<\/span><\/a><\/p>\n","protected":false},"author":1,"featured_media":0,"parent":0,"menu_order":2,"comment_status":"closed","ping_status":"closed","template":"","meta":{"footnotes":""},"class_list":["post-30","page","type-page","status-publish","hentry"],"_links":{"self":[{"href":"https:\/\/vilalampasik.sk\/index.php?rest_route=\/wp\/v2\/pages\/30"}],"collection":[{"href":"https:\/\/vilalampasik.sk\/index.php?rest_route=\/wp\/v2\/pages"}],"about":[{"href":"https:\/\/vilalampasik.sk\/index.php?rest_route=\/wp\/v2\/types\/page"}],"author":[{"embeddable":true,"href":"https:\/\/vilalampasik.sk\/index.php?rest_route=\/wp\/v2\/users\/1"}],"replies":[{"embeddable":true,"href":"https:\/\/vilalampasik.sk\/index.php?rest_route=%2Fwp%2Fv2%2Fcomments&post=30"}],"version-history":[{"count":95,"href":"https:\/\/vilalampasik.sk\/index.php?rest_route=\/wp\/v2\/pages\/30\/revisions"}],"predecessor-version":[{"id":1797,"href":"https:\/\/vilalampasik.sk\/index.php?rest_route=\/wp\/v2\/pages\/30\/revisions\/1797"}],"wp:attachment":[{"href":"https:\/\/vilalampasik.sk\/index.php?rest_route=%2Fwp%2Fv2%2Fmedia&parent=30"}],"curies":[{"name":"wp","href":"https:\/\/api.w.org\/{rel}","templated":true}]}}